{"id":1729,"date":"2026-04-17T23:58:58","date_gmt":"2026-04-17T23:58:58","guid":{"rendered":"https:\/\/prominentroots.com\/?page_id=1729"},"modified":"2026-04-18T07:04:20","modified_gmt":"2026-04-18T07:04:20","slug":"fundador","status":"publish","type":"page","link":"https:\/\/prominentroots.com\/index.php\/fundador\/","title":{"rendered":"Fundador"},"content":{"rendered":"\t\t<div data-elementor-type=\"wp-page\" data-elementor-id=\"1729\" class=\"elementor elementor-1729\">\n\t\t\t\t<div class=\"elementor-element elementor-element-5846815 e-flex e-con-boxed e-con e-parent\" data-id=\"5846815\" data-element_type=\"container\" data-e-type=\"container\">\n\t\t\t\t\t<div class=\"e-con-inner\">\n\t\t\t\t<div class=\"elementor-element elementor-element-999038e elementor-widget elementor-widget-image\" data-id=\"999038e\" data-element_type=\"widget\" data-e-type=\"widget\" data-widget_type=\"image.default\">\n\t\t\t\t\t\t\t\t\t\t\t\t\t\t\t<img data-opt-id=1427941452  fetchpriority=\"high\" decoding=\"async\" width=\"1024\" height=\"252\" src=\"https:\/\/mlogerfcbdv7.i.optimole.com\/w:1024\/h:252\/q:mauto\/f:best\/https:\/\/prominentroots.com\/wp-content\/uploads\/2026\/04\/FUNDADOR.png\" class=\"attachment-large size-large wp-image-1793\" alt=\"\" srcset=\"https:\/\/mlogerfcbdv7.i.optimole.com\/w:1290\/h:317\/q:mauto\/f:best\/https:\/\/prominentroots.com\/wp-content\/uploads\/2026\/04\/FUNDADOR.png 1290w, https:\/\/mlogerfcbdv7.i.optimole.com\/w:300\/h:74\/q:mauto\/f:best\/https:\/\/prominentroots.com\/wp-content\/uploads\/2026\/04\/FUNDADOR.png 300w, https:\/\/mlogerfcbdv7.i.optimole.com\/w:1024\/h:252\/q:mauto\/f:best\/https:\/\/prominentroots.com\/wp-content\/uploads\/2026\/04\/FUNDADOR.png 1024w, https:\/\/mlogerfcbdv7.i.optimole.com\/w:768\/h:189\/q:mauto\/f:best\/https:\/\/prominentroots.com\/wp-content\/uploads\/2026\/04\/FUNDADOR.png 768w\" sizes=\"(max-width: 1024px) 100vw, 1024px\" \/>\t\t\t\t\t\t\t\t\t\t\t\t\t\t\t<\/div>\n\t\t\t\t<div class=\"elementor-element elementor-element-9cc01a5 elementor-widget elementor-widget-heading\" data-id=\"9cc01a5\" data-element_type=\"widget\" data-e-type=\"widget\" data-widget_type=\"heading.default\">\n\t\t\t\t\t<h2 class=\"elementor-heading-title elementor-size-default\">El Fundador<\/h2>\t\t\t\t<\/div>\n\t\t\t\t\t\t\t\t<p class=\"e-3081b33-0bf458d e-paragraph-base\" data-interaction-id=\"3081b33\"  >\n\t\t\t\t\t\t\t\tNo fund\u00f3 una empresa.<br>Dise\u00f1\u00f3 una arquitectura.\n\t\t\t\t\t<\/p>\n\t\t\t\t\t<\/div>\n\t\t\t\t<\/div>\n\t\t<div class=\"elementor-element elementor-element-53f5d50 e-flex e-con-boxed e-con e-parent\" data-id=\"53f5d50\" data-element_type=\"container\" data-e-type=\"container\" data-settings=\"{&quot;background_background&quot;:&quot;classic&quot;}\">\n\t\t\t\t\t<div class=\"e-con-inner\">\n\t\t\t\t<div class=\"elementor-element elementor-element-1010d36 elementor-widget elementor-widget-heading\" data-id=\"1010d36\" data-element_type=\"widget\" data-e-type=\"widget\" data-widget_type=\"heading.default\">\n\t\t\t\t\t<h2 class=\"elementor-heading-title elementor-size-default\">EL ORIGEN DE LA ARQUITECTURA<\/h2>\t\t\t\t<\/div>\n\t\t\t\t<div class=\"elementor-element elementor-element-4987130 elementor-widget elementor-widget-heading\" data-id=\"4987130\" data-element_type=\"widget\" data-e-type=\"widget\" data-widget_type=\"heading.default\">\n\t\t\t\t\t<h3 class=\"elementor-heading-title elementor-size-default\">El origen no fue financiero<br>\nFue estructural\n<\/h3>\t\t\t\t<\/div>\n\t\t\t\t\t\t\t\t<p class=\"e-5b0500e-560b91d e-paragraph-base\" data-interaction-id=\"5b0500e\"  >\n\t\t\t\t\t\t\t\tPROMINENT ROOTS no nace como una firma tradicional.<br>Nace como respuesta a una falla estructural:<br>la incapacidad del capital para sostenerse en el tiempo bajo modelos convencionales.<br>El capital mal estructurado se diluye.<br>El capital sin gobierno se pierde.<br>El capital sin visi\u00f3n se fragmenta.<br>PROMINENT es la correcci\u00f3n de ese error.\n\t\t\t\t\t<\/p>\n\t\t\t\t\t\n<hr class=\"e-b302a5e-55cb715 e-divider-base\" data-interaction-id=\"b302a5e\"   \/>\n\t\t\t\t\t<\/div>\n\t\t\t\t<\/div>\n\t\t<div class=\"elementor-element elementor-element-5b0fcc8 e-flex e-con-boxed e-con e-parent\" data-id=\"5b0fcc8\" data-element_type=\"container\" data-e-type=\"container\">\n\t\t\t\t\t<div class=\"e-con-inner\">\n\t\t\t\t<div class=\"elementor-element elementor-element-fa79107 elementor-widget elementor-widget-heading\" data-id=\"fa79107\" data-element_type=\"widget\" data-e-type=\"widget\" data-widget_type=\"heading.default\">\n\t\t\t\t\t<h2 class=\"elementor-heading-title elementor-size-default\">Jos\u00e9 Ricardo Zea Grayeb<\/h2>\t\t\t\t<\/div>\n\t\t\t\t<div class=\"elementor-element elementor-element-0f5bd9f elementor-widget elementor-widget-heading\" data-id=\"0f5bd9f\" data-element_type=\"widget\" data-e-type=\"widget\" data-widget_type=\"heading.default\">\n\t\t\t\t\t<h3 class=\"elementor-heading-title elementor-size-default\">Arquitecto de Sistemas Financieros \u00b7 Transformaci\u00f3n Institucional<\/h3>\t\t\t\t<\/div>\n\t\t\t\t<div class=\"elementor-element elementor-element-1edd87b elementor-widget elementor-widget-image\" data-id=\"1edd87b\" data-element_type=\"widget\" data-e-type=\"widget\" data-widget_type=\"image.default\">\n\t\t\t\t\t\t\t\t\t\t\t\t\t\t\t<img data-opt-id=222290020  fetchpriority=\"high\" decoding=\"async\" src=\"https:\/\/mlogerfcbdv7.i.optimole.com\/w:auto\/h:auto\/q:mauto\/f:best\/https:\/\/prominentroots.com\/wp-content\/plugins\/elementor\/assets\/images\/placeholder.png\" title=\"\" alt=\"\" loading=\"lazy\" \/>\t\t\t\t\t\t\t\t\t\t\t\t\t\t\t<\/div>\n\t\t\t\t\t\t\t\t<p class=\"e-paragraph-base\" data-interaction-id=\"22119a9\"  >\n\t\t\t\t\t\t\t\tEspecializado en dise\u00f1ar sistemas donde el capital deja de depender de decisiones aisladas y comienza a operar bajo l\u00f3gica institucional.<br><br>Cada estructura responde a un principio:<br><br>Convertir decisiones en arquitectura.<br>Convertir capital en sistema.\n\t\t\t\t\t<\/p>\n\t\t\t\t\t\n<hr class=\"e-d5bfea6-7f8b479 e-divider-base\" data-interaction-id=\"d5bfea6\"   \/>\n\t\t\t\t\t<\/div>\n\t\t\t\t<\/div>\n\t\t<div class=\"elementor-element elementor-element-dc525a7 e-flex e-con-boxed e-con e-parent\" data-id=\"dc525a7\" data-element_type=\"container\" data-e-type=\"container\">\n\t\t\t\t\t<div class=\"e-con-inner\">\n\t\t\t\t<div class=\"elementor-element elementor-element-2a7778b elementor-widget elementor-widget-heading\" data-id=\"2a7778b\" data-element_type=\"widget\" data-e-type=\"widget\" data-widget_type=\"heading.default\">\n\t\t\t\t\t<h2 class=\"elementor-heading-title elementor-size-default\">No se trata de financiar empresas<br>\nSe trata de transformarlas\n<\/h2>\t\t\t\t<\/div>\n\t\t<div class=\"elementor-element elementor-element-fd86a0d e-con-full e-flex e-con e-child\" data-id=\"fd86a0d\" data-element_type=\"container\" data-e-type=\"container\">\n\t\t\t\t<div class=\"elementor-element elementor-element-753adac elementor-widget elementor-widget-image\" data-id=\"753adac\" data-element_type=\"widget\" data-e-type=\"widget\" data-widget_type=\"image.default\">\n\t\t\t\t\t\t\t\t\t\t\t\t\t\t\t<img data-opt-id=222290020  fetchpriority=\"high\" decoding=\"async\" src=\"https:\/\/mlogerfcbdv7.i.optimole.com\/w:auto\/h:auto\/q:mauto\/f:best\/https:\/\/prominentroots.com\/wp-content\/plugins\/elementor\/assets\/images\/placeholder.png\" title=\"\" alt=\"\" loading=\"lazy\" \/>\t\t\t\t\t\t\t\t\t\t\t\t\t\t\t<\/div>\n\t\t\t\t\t\t\t\t<p class=\"e-paragraph-base\" data-interaction-id=\"6c8a11e\"  >\n\t\t\t\t\t\t\t\tEl mercado est\u00e1 lleno de financiamiento.<br>Lo que escasea es estructura.<br>PROMINENT no inyecta capital sin control.<br>Dise\u00f1a sistemas donde el capital opera bajo l\u00f3gica institucional.\n\t\t\t\t\t<\/p>\n\t\t\t\t<\/div>\n\t\t\t\t\t\n<hr class=\"e-d6b431b-2e29c98 e-divider-base\" data-interaction-id=\"d6b431b\"   \/>\n\t\t\t\t\t<\/div>\n\t\t\t\t<\/div>\n\t\t<div class=\"elementor-element elementor-element-69bf9d1 e-flex e-con-boxed e-con e-parent\" data-id=\"69bf9d1\" data-element_type=\"container\" data-e-type=\"container\">\n\t\t\t\t\t<div class=\"e-con-inner\">\n\t\t\t\t<div class=\"elementor-element elementor-element-2e7c5ad elementor-widget elementor-widget-heading\" data-id=\"2e7c5ad\" data-element_type=\"widget\" data-e-type=\"widget\" data-widget_type=\"heading.default\">\n\t\t\t\t\t<h2 class=\"elementor-heading-title elementor-size-default\">Arquitectura sobre improvisaci\u00f3n<\/h2>\t\t\t\t<\/div>\n\t\t<div class=\"elementor-element elementor-element-350920d e-con-full e-flex e-con e-child\" data-id=\"350920d\" data-element_type=\"container\" data-e-type=\"container\">\n\t\t\t\t\t\t\t\t<p class=\"e-paragraph-base\" data-interaction-id=\"73733ad\"  >\n\t\t\t\t\t\t\t\tEspecializado en el dise\u00f1o de estructuras financieras complejas, su experiencia abarca desde la creaci\u00f3n de instrumentos internacionales hasta la implementaci\u00f3n de infraestructuras offshore de alto nivel.<br>Incluyendo:<br>\u2013 Monetizaci\u00f3n de instrumentos financieros (SBLC).<br>\u2013 Dise\u00f1o de veh\u00edculos internacionales (IBCs).<br>\u2013 Estructuraci\u00f3n de capital privado.<br>\u2013 Integraci\u00f3n financiera multijurisdiccional.<br>Nada es aislado.<br>Todo responde a sistema.\n\t\t\t\t\t<\/p>\n\t\t\t\t<div class=\"elementor-element elementor-element-ecd31a5 elementor-widget elementor-widget-image\" data-id=\"ecd31a5\" data-element_type=\"widget\" data-e-type=\"widget\" data-widget_type=\"image.default\">\n\t\t\t\t\t\t\t\t\t\t\t\t\t\t\t<img data-opt-id=222290020  fetchpriority=\"high\" decoding=\"async\" src=\"https:\/\/mlogerfcbdv7.i.optimole.com\/w:auto\/h:auto\/q:mauto\/f:best\/https:\/\/prominentroots.com\/wp-content\/plugins\/elementor\/assets\/images\/placeholder.png\" title=\"\" alt=\"\" loading=\"lazy\" \/>\t\t\t\t\t\t\t\t\t\t\t\t\t\t\t<\/div>\n\t\t\t\t<\/div>\n\t\t\t\t\t\n<hr class=\"e-7283b7c-f9d1eed e-divider-base\" data-interaction-id=\"7283b7c\"   \/>\n\t\t\t\t\t<\/div>\n\t\t\t\t<\/div>\n\t\t<div class=\"elementor-element elementor-element-e794b11 e-flex e-con-boxed e-con e-parent\" data-id=\"e794b11\" data-element_type=\"container\" data-e-type=\"container\">\n\t\t\t\t\t<div class=\"e-con-inner\">\n\t\t\t\t<div class=\"elementor-element elementor-element-963d39f elementor-widget elementor-widget-heading\" data-id=\"963d39f\" data-element_type=\"widget\" data-e-type=\"widget\" data-widget_type=\"heading.default\">\n\t\t\t\t\t<h2 class=\"elementor-heading-title elementor-size-default\">De empresa a instituci\u00f3n<\/h2>\t\t\t\t<\/div>\n\t\t<div class=\"elementor-element elementor-element-c256542 e-con-full e-flex e-con e-child\" data-id=\"c256542\" data-element_type=\"container\" data-e-type=\"container\">\n\t\t\t\t<div class=\"elementor-element elementor-element-0cf0433 elementor-widget elementor-widget-image\" data-id=\"0cf0433\" data-element_type=\"widget\" data-e-type=\"widget\" data-widget_type=\"image.default\">\n\t\t\t\t\t\t\t\t\t\t\t\t\t\t\t<img data-opt-id=222290020  fetchpriority=\"high\" decoding=\"async\" src=\"https:\/\/mlogerfcbdv7.i.optimole.com\/w:auto\/h:auto\/q:mauto\/f:best\/https:\/\/prominentroots.com\/wp-content\/plugins\/elementor\/assets\/images\/placeholder.png\" title=\"\" alt=\"\" loading=\"lazy\" \/>\t\t\t\t\t\t\t\t\t\t\t\t\t\t\t<\/div>\n\t\t\t\t\t\t\t\t<p class=\"e-paragraph-base\" data-interaction-id=\"d5b722f\"  >\n\t\t\t\t\t\t\t\tCreador del MODELO EIZGC\u00ae y del MODELO NDP\/OS\u00ae.<br>Metodolog\u00edas propietarias dise\u00f1adas para convertir empresas en estructuras institucionales capaces de acceder a capital global, y evolucionar a una red autogestionada para preservar el legado del Fundador y asegurar su transferencia intergeneracional, preservando, protegiendo y multiplicando el patrimonio.<br>No es teor\u00eda.<br>Es ejecuci\u00f3n estructurada.<br>Integra:<br>\u2013 Gobernanza.<br>\u2013 Cumplimiento.<br>\u2013 Planeaci\u00f3n estrat\u00e9gica.<br>\u2013 Arquitectura operativa.<br>Lo que otros llaman crecimiento, aqu\u00ed se dise\u00f1a como sistema.\n\t\t\t\t\t<\/p>\n\t\t\t\t<\/div>\n\t\t\t\t\t\n<hr class=\"e-f558dee-d2ccb37 e-divider-base\" data-interaction-id=\"f558dee\"   \/>\n\t\t\t\t\t<\/div>\n\t\t\t\t<\/div>\n\t\t<div class=\"elementor-element elementor-element-1d291d2 e-flex e-con-boxed e-con e-parent\" data-id=\"1d291d2\" data-element_type=\"container\" data-e-type=\"container\">\n\t\t\t\t\t<div class=\"e-con-inner\">\n\t\t\t\t<div class=\"elementor-element elementor-element-f5de385 elementor-widget elementor-widget-heading\" data-id=\"f5de385\" data-element_type=\"widget\" data-e-type=\"widget\" data-widget_type=\"heading.default\">\n\t\t\t\t\t<h2 class=\"elementor-heading-title elementor-size-default\">Ejecuci\u00f3n real<\/h2>\t\t\t\t<\/div>\n\t\t<div class=\"elementor-element elementor-element-5de20f0 e-con-full e-flex e-con e-child\" data-id=\"5de20f0\" data-element_type=\"container\" data-e-type=\"container\">\n\t\t\t\t\t\t\t\t<p class=\"e-paragraph-base\" data-interaction-id=\"ae00966\"  >\n\t\t\t\t\t\t\t\tHa liderado procesos de institucionalizaci\u00f3n para m\u00faltiples entidades financieras no bancarias, incluyendo SOFOMES, SAPIs (M\u00e9xico) y estructuras internacionales en jurisdicciones clave como:<br>\u2013 Panam\u00e1.<br>\u2013 Suiza.<br>\u2013 Hong Kong.<br>\u2013 Estados Unidos.<br>Su trabajo no se mide en asesor\u00edas.<br>Se mide en estructuras que permanecen.\n\t\t\t\t\t<\/p>\n\t\t\t\t<div class=\"elementor-element elementor-element-42db01e elementor-widget elementor-widget-image\" data-id=\"42db01e\" data-element_type=\"widget\" data-e-type=\"widget\" data-widget_type=\"image.default\">\n\t\t\t\t\t\t\t\t\t\t\t\t\t\t\t<img data-opt-id=222290020  fetchpriority=\"high\" decoding=\"async\" src=\"https:\/\/mlogerfcbdv7.i.optimole.com\/w:auto\/h:auto\/q:mauto\/f:best\/https:\/\/prominentroots.com\/wp-content\/plugins\/elementor\/assets\/images\/placeholder.png\" title=\"\" alt=\"\" loading=\"lazy\" \/>\t\t\t\t\t\t\t\t\t\t\t\t\t\t\t<\/div>\n\t\t\t\t<\/div>\n\t\t\t\t\t\n<hr class=\"e-e78e445-c66ce23 e-divider-base\" data-interaction-id=\"e78e445\"   \/>\n\t\t\t\t\t<\/div>\n\t\t\t\t<\/div>\n\t\t<div class=\"elementor-element elementor-element-ef96110 e-flex e-con-boxed e-con e-parent\" data-id=\"ef96110\" data-element_type=\"container\" data-e-type=\"container\">\n\t\t\t\t\t<div class=\"e-con-inner\">\n\t\t\t\t<div class=\"elementor-element elementor-element-1d710ef elementor-widget elementor-widget-heading\" data-id=\"1d710ef\" data-element_type=\"widget\" data-e-type=\"widget\" data-widget_type=\"heading.default\">\n\t\t\t\t\t<h2 class=\"elementor-heading-title elementor-size-default\">No es una empresa\nEs una arquitectura<\/h2>\t\t\t\t<\/div>\n\t\t<div class=\"elementor-element elementor-element-1683b3d e-con-full e-flex e-con e-child\" data-id=\"1683b3d\" data-element_type=\"container\" data-e-type=\"container\">\n\t\t\t\t\t\t\t\t<p class=\"e-paragraph-base\" data-interaction-id=\"d6eb443\"  >\n\t\t\t\t\t\t\t\tPROMINENT ROOTS es la consecuencia natural de todo este recorrido.<br>Un sistema dise\u00f1ado para:<br>\u2013 Integrar nodos globales.<br>\u2013 Coordinar ejecuci\u00f3n institucional.<br>\u2013 Estructurar operaciones complejas.<br>\u2013 Crear acceso real a capital internacional.<br>El sistema NDP\/OS no es una propuesta.<br>Es la ejecuci\u00f3n.\n\t\t\t\t\t<\/p>\n\t\t\t\t<div class=\"elementor-element elementor-element-411f20f elementor-widget elementor-widget-image\" data-id=\"411f20f\" data-element_type=\"widget\" data-e-type=\"widget\" data-widget_type=\"image.default\">\n\t\t\t\t\t\t\t\t\t\t\t\t\t\t\t<img data-opt-id=222290020  fetchpriority=\"high\" decoding=\"async\" src=\"https:\/\/mlogerfcbdv7.i.optimole.com\/w:auto\/h:auto\/q:mauto\/f:best\/https:\/\/prominentroots.com\/wp-content\/plugins\/elementor\/assets\/images\/placeholder.png\" title=\"\" alt=\"\" loading=\"lazy\" \/>\t\t\t\t\t\t\t\t\t\t\t\t\t\t\t<\/div>\n\t\t\t\t<\/div>\n\t\t\t\t\t\n<hr class=\"e-e200393-e737819 e-divider-base\" data-interaction-id=\"e200393\"   \/>\n\t\t\t\t\t<\/div>\n\t\t\t\t<\/div>\n\t\t<div class=\"elementor-element elementor-element-b0ab47e e-flex e-con-boxed e-con e-parent\" data-id=\"b0ab47e\" data-element_type=\"container\" data-e-type=\"container\">\n\t\t\t\t\t<div class=\"e-con-inner\">\n\t\t\t\t<div class=\"elementor-element elementor-element-37a8d17 elementor-widget__width-initial elementor-widget elementor-widget-text-editor\" data-id=\"37a8d17\" data-element_type=\"widget\" data-e-type=\"widget\" data-widget_type=\"text-editor.default\">\n\t\t\t\t\t\t\t\t\t<blockquote><p>El mercado est\u00e1 lleno de intermediarios.<br \/>Pero la arquitectura es escasa.<br \/>PROMINENT no participa en el sistema.<br \/>Lo redise\u00f1a.<\/p><\/blockquote>\t\t\t\t\t\t\t\t<\/div>\n\t\t\t\t<div class=\"elementor-element elementor-element-e305606 elementor-widget elementor-widget-heading\" data-id=\"e305606\" data-element_type=\"widget\" data-e-type=\"widget\" data-widget_type=\"heading.default\">\n\t\t\t\t\t<h2 class=\"elementor-heading-title elementor-size-default\">No se trata de hacer negocios<br>\nSe trata de construir estructuras que los trasciendan<\/h2>\t\t\t\t<\/div>\n\t\t\t\t\t<\/div>\n\t\t\t\t<\/div>\n\t\t<div class=\"elementor-element elementor-element-8d405e0 e-flex e-con-boxed e-con e-parent\" data-id=\"8d405e0\" data-element_type=\"container\" data-e-type=\"container\" data-settings=\"{&quot;background_background&quot;:&quot;classic&quot;}\">\n\t\t\t\t\t<div class=\"e-con-inner\">\n\t\t\t\t<div class=\"elementor-element elementor-element-0eac093 elementor-widget elementor-widget-heading\" data-id=\"0eac093\" data-element_type=\"widget\" data-e-type=\"widget\" data-widget_type=\"heading.default\">\n\t\t\t\t\t<h2 class=\"elementor-heading-title elementor-size-default\">Acceso al ecosistema<\/h2>\t\t\t\t<\/div>\n\t\t\t\t<div class=\"elementor-element elementor-element-3538f2d elementor-widget elementor-widget-heading\" data-id=\"3538f2d\" data-element_type=\"widget\" data-e-type=\"widget\" data-widget_type=\"heading.default\">\n\t\t\t\t\t<h2 class=\"elementor-heading-title elementor-size-default\">No todos necesitan esto. Pero algunos no pueden ignorarlo.<\/h2>\t\t\t\t<\/div>\n\t\t<div class=\"elementor-element elementor-element-50aa525 e-flex e-con-boxed e-con e-child\" data-id=\"50aa525\" data-element_type=\"container\" data-e-type=\"container\">\n\t\t\t\t\t<div class=\"e-con-inner\">\n\t\t\t\t<div class=\"elementor-element elementor-element-a217953 elementor-widget elementor-widget-text-editor\" data-id=\"a217953\" data-element_type=\"widget\" data-e-type=\"widget\" data-widget_type=\"text-editor.default\">\n\t\t\t\t\t\t\t\t\t<p style=\"text-align: center;\">El acceso a Prominent se realiza mediante un proceso estructurado de entendimiento, validaci\u00f3n y alineaci\u00f3n.<\/p><p>Si este modelo resuena contigo, el siguiente paso no es inmediato, pero s\u00ed claro.<\/p>\t\t\t\t\t\t\t\t<\/div>\n\t\t\t\t\t<\/div>\n\t\t\t\t<\/div>\n\t\t\t\t<div class=\"elementor-element elementor-element-c7168ce elementor-widget-mobile__width-initial elementor-widget elementor-widget-button\" data-id=\"c7168ce\" data-element_type=\"widget\" data-e-type=\"widget\" data-widget_type=\"button.default\">\n\t\t\t\t\t\t\t\t\t\t<a class=\"elementor-button elementor-button-link elementor-size-sm\" href=\"https:\/\/prominentroots.com\/index.php\/contacto\/\">\n\t\t\t\t\t\t<span class=\"elementor-button-content-wrapper\">\n\t\t\t\t\t\t\t\t\t<span class=\"elementor-button-text\">Solicitar acceso<\/span>\n\t\t\t\t\t<\/span>\n\t\t\t\t\t<\/a>\n\t\t\t\t\t\t\t\t<\/div>\n\t\t\t\t<div class=\"elementor-element elementor-element-b42db72 elementor-widget elementor-widget-text-editor\" data-id=\"b42db72\" data-element_type=\"widget\" data-e-type=\"widget\" data-widget_type=\"text-editor.default\">\n\t\t\t\t\t\t\t\t\t<p style=\"text-align: center;\">El proceso inicia con una conversaci\u00f3n.<\/p>\t\t\t\t\t\t\t\t<\/div>\n\t\t\t\t\t<\/div>\n\t\t\t\t<\/div>\n\t\t\t\t<\/div>\n\t\t","protected":false},"excerpt":{"rendered":"<p>El Fundador No fund\u00f3 una empresa.Dise\u00f1\u00f3 una arquitectura. EL ORIGEN DE LA ARQUITECTURA El origen no fue financiero Fue estructural PROMINENT ROOTS no nace como una firma tradicional.Nace como respuesta a una falla estructural:la incapacidad del capital para sostenerse en el tiempo bajo modelos convencionales.El capital mal estructurado se diluye.El capital sin gobierno se pierde.El&hellip;&nbsp;<\/p>\n","protected":false},"author":1,"featured_media":0,"parent":0,"menu_order":0,"comment_status":"closed","ping_status":"closed","template":"page-templates\/template-pagebuilder-full-width.php","meta":{"neve_meta_sidebar":"","neve_meta_container":"","neve_meta_enable_content_width":"","neve_meta_content_width":0,"neve_meta_title_alignment":"","neve_meta_author_avatar":"","neve_post_elements_order":"","neve_meta_disable_header":"","neve_meta_disable_footer":"","neve_meta_disable_title":"","footnotes":""},"class_list":["post-1729","page","type-page","status-publish","hentry"],"_links":{"self":[{"href":"https:\/\/prominentroots.com\/index.php\/wp-json\/wp\/v2\/pages\/1729","targetHints":{"allow":["GET"]}}],"collection":[{"href":"https:\/\/prominentroots.com\/index.php\/wp-json\/wp\/v2\/pages"}],"about":[{"href":"https:\/\/prominentroots.com\/index.php\/wp-json\/wp\/v2\/types\/page"}],"author":[{"embeddable":true,"href":"https:\/\/prominentroots.com\/index.php\/wp-json\/wp\/v2\/users\/1"}],"replies":[{"embeddable":true,"href":"https:\/\/prominentroots.com\/index.php\/wp-json\/wp\/v2\/comments?post=1729"}],"version-history":[{"count":37,"href":"https:\/\/prominentroots.com\/index.php\/wp-json\/wp\/v2\/pages\/1729\/revisions"}],"predecessor-version":[{"id":1881,"href":"https:\/\/prominentroots.com\/index.php\/wp-json\/wp\/v2\/pages\/1729\/revisions\/1881"}],"wp:attachment":[{"href":"https:\/\/prominentroots.com\/index.php\/wp-json\/wp\/v2\/media?parent=1729"}],"curies":[{"name":"wp","href":"https:\/\/api.w.org\/{rel}","templated":true}]}}