{"id":539,"date":"2026-03-25T18:14:00","date_gmt":"2026-03-25T18:14:00","guid":{"rendered":"https:\/\/prominentroots.com\/?page_id=539"},"modified":"2026-04-18T00:46:33","modified_gmt":"2026-04-18T00:46:33","slug":"family-office","status":"publish","type":"page","link":"https:\/\/prominentroots.com\/index.php\/family-office\/","title":{"rendered":"FAMILY OFFICE"},"content":{"rendered":"\t\t<div data-elementor-type=\"wp-page\" data-elementor-id=\"539\" class=\"elementor elementor-539\">\n\t\t\t\t<div class=\"elementor-element elementor-element-6aab620 e-flex e-con-boxed e-con e-parent\" data-id=\"6aab620\" data-element_type=\"container\" data-e-type=\"container\">\n\t\t\t\t\t<div class=\"e-con-inner\">\n\t\t\t\t<div class=\"elementor-element elementor-element-53203a2 elementor-widget elementor-widget-image\" data-id=\"53203a2\" data-element_type=\"widget\" data-e-type=\"widget\" data-widget_type=\"image.default\">\n\t\t\t\t\t\t\t\t\t\t\t\t\t\t\t<img data-opt-id=1845168041  fetchpriority=\"high\" decoding=\"async\" width=\"1024\" height=\"315\" src=\"https:\/\/mlogerfcbdv7.i.optimole.com\/w:1024\/h:315\/q:mauto\/f:best\/https:\/\/prominentroots.com\/wp-content\/uploads\/2026\/03\/FAMILY-OFFICE.png\" class=\"attachment-large size-large wp-image-600\" alt=\"\" srcset=\"https:\/\/mlogerfcbdv7.i.optimole.com\/w:1024\/h:315\/q:mauto\/f:best\/https:\/\/prominentroots.com\/wp-content\/uploads\/2026\/03\/FAMILY-OFFICE.png 1024w, https:\/\/mlogerfcbdv7.i.optimole.com\/w:300\/h:92\/q:mauto\/f:best\/https:\/\/prominentroots.com\/wp-content\/uploads\/2026\/03\/FAMILY-OFFICE.png 300w, https:\/\/mlogerfcbdv7.i.optimole.com\/w:768\/h:236\/q:mauto\/f:best\/https:\/\/prominentroots.com\/wp-content\/uploads\/2026\/03\/FAMILY-OFFICE.png 768w, https:\/\/mlogerfcbdv7.i.optimole.com\/w:auto\/h:auto\/q:mauto\/f:best\/https:\/\/prominentroots.com\/wp-content\/uploads\/2026\/03\/FAMILY-OFFICE.png 1404w\" sizes=\"(max-width: 1024px) 100vw, 1024px\" \/>\t\t\t\t\t\t\t\t\t\t\t\t\t\t\t<\/div>\n\t\t\t\t\t<\/div>\n\t\t\t\t<\/div>\n\t\t<div class=\"elementor-element elementor-element-4f7c04e e-flex e-con-boxed e-con e-parent\" data-id=\"4f7c04e\" data-element_type=\"container\" data-e-type=\"container\">\n\t\t\t\t\t<div class=\"e-con-inner\">\n\t\t<div class=\"elementor-element elementor-element-ac96d3e e-con-full e-flex e-con e-child\" data-id=\"ac96d3e\" data-element_type=\"container\" data-e-type=\"container\">\n\t\t\t\t<div class=\"elementor-element elementor-element-59008bc elementor-widget elementor-widget-heading\" data-id=\"59008bc\" data-element_type=\"widget\" data-e-type=\"widget\" data-widget_type=\"heading.default\">\n\t\t\t\t\t<h2 class=\"elementor-heading-title elementor-size-default\">El punto de origen y ejecuci\u00f3n del sistema<\/h2>\t\t\t\t<\/div>\n\t\t\t\t\t\t\t\t<p class=\"e-paragraph-base\" data-interaction-id=\"dc0ebfe\"  >\n\t\t\t\t\t\t\t\tProminent Family Office es el entorno donde la arquitectura patrimonial se estructura, se prueba y se ejecuta antes de ser extrapolada a terceros.<br><br>Aqu\u00ed se integran visi\u00f3n, disciplina operativa y gobierno patrimonial para asegurar que cada decisi\u00f3n responda a una l\u00f3gica institucional.<br><br>No es un despacho.<br>Es un sistema en operaci\u00f3n real.\n\t\t\t\t\t<\/p>\n\t\t\t\t<\/div>\n\t\t<div class=\"elementor-element elementor-element-547d3c9 e-con-full e-flex e-con e-child\" data-id=\"547d3c9\" data-element_type=\"container\" data-e-type=\"container\">\n\t\t\t\t<div class=\"elementor-element elementor-element-4b5639b elementor-widget elementor-widget-image\" data-id=\"4b5639b\" data-element_type=\"widget\" data-e-type=\"widget\" data-widget_type=\"image.default\">\n\t\t\t\t\t\t\t\t\t\t\t\t\t\t\t<img data-opt-id=1111248858  fetchpriority=\"high\" decoding=\"async\" width=\"297\" height=\"170\" src=\"https:\/\/mlogerfcbdv7.i.optimole.com\/w:auto\/h:auto\/q:mauto\/f:best\/https:\/\/prominentroots.com\/wp-content\/uploads\/2025\/10\/negint-1.webp\" class=\"attachment-2048x2048 size-2048x2048 wp-image-213\" alt=\"\" \/>\t\t\t\t\t\t\t\t\t\t\t\t\t\t\t<\/div>\n\t\t\t\t<\/div>\n\t\t\t\t\t<\/div>\n\t\t\t\t<\/div>\n\t\t<div class=\"elementor-element elementor-element-ebfb076 e-flex e-con-boxed e-con e-parent\" data-id=\"ebfb076\" data-element_type=\"container\" data-e-type=\"container\">\n\t\t\t\t\t<div class=\"e-con-inner\">\n\t\t\t\t<div class=\"elementor-element elementor-element-e2b4af0 elementor-widget elementor-widget-heading\" data-id=\"e2b4af0\" data-element_type=\"widget\" data-e-type=\"widget\" data-widget_type=\"heading.default\">\n\t\t\t\t\t<h2 class=\"elementor-heading-title elementor-size-default\">Lo que se dise\u00f1a en Prominent, primero se vive.<\/h2>\t\t\t\t<\/div>\n\t\t\t\t<div class=\"elementor-element elementor-element-d064b4b elementor-widget elementor-widget-image\" data-id=\"d064b4b\" data-element_type=\"widget\" data-e-type=\"widget\" data-widget_type=\"image.default\">\n\t\t\t\t\t\t\t\t\t\t\t\t\t\t\t<img data-opt-id=1045595023  data-opt-src=\"https:\/\/mlogerfcbdv7.i.optimole.com\/w:1024\/h:536\/q:mauto\/f:best\/https:\/\/prominentroots.com\/wp-content\/uploads\/2026\/04\/oficina-pr.png\"  decoding=\"async\" width=\"1024\" height=\"536\" src=\"data:image/svg+xml,%3Csvg%20viewBox%3D%220%200%201024%20536%22%20width%3D%221024%22%20height%3D%22536%22%20xmlns%3D%22http%3A%2F%2Fwww.w3.org%2F2000%2Fsvg%22%3E%3Crect%20width%3D%221024%22%20height%3D%22536%22%20fill%3D%22transparent%22%2F%3E%3C%2Fsvg%3E\" class=\"attachment-large size-large wp-image-1250\" alt=\"\" old-srcset=\"https:\/\/mlogerfcbdv7.i.optimole.com\/w:1024\/h:536\/q:mauto\/f:best\/https:\/\/prominentroots.com\/wp-content\/uploads\/2026\/04\/oficina-pr.png 1024w, https:\/\/mlogerfcbdv7.i.optimole.com\/w:300\/h:157\/q:mauto\/f:best\/https:\/\/prominentroots.com\/wp-content\/uploads\/2026\/04\/oficina-pr.png 300w, https:\/\/mlogerfcbdv7.i.optimole.com\/w:768\/h:402\/q:mauto\/f:best\/https:\/\/prominentroots.com\/wp-content\/uploads\/2026\/04\/oficina-pr.png 768w, https:\/\/mlogerfcbdv7.i.optimole.com\/w:auto\/h:auto\/q:mauto\/f:best\/https:\/\/prominentroots.com\/wp-content\/uploads\/2026\/04\/oficina-pr.png 1482w\" \/>\t\t\t\t\t\t\t\t\t\t\t\t\t\t\t<\/div>\n\t\t<div class=\"elementor-element elementor-element-f1287d1 e-con-full e-flex e-con e-child\" data-id=\"f1287d1\" data-element_type=\"container\" data-e-type=\"container\">\n\t\t<div class=\"elementor-element elementor-element-e95eea6 e-con-full e-flex e-con e-child\" data-id=\"e95eea6\" data-element_type=\"container\" data-e-type=\"container\">\n\t\t\t\t<div class=\"elementor-element elementor-element-1d3edb9 elementor-widget elementor-widget-heading\" data-id=\"1d3edb9\" data-element_type=\"widget\" data-e-type=\"widget\" data-widget_type=\"heading.default\">\n\t\t\t\t\t<h3 class=\"elementor-heading-title elementor-size-default\">Gobierno<\/h3>\t\t\t\t<\/div>\n\t\t\t\t\t\t\t\t<p class=\"e-paragraph-base\" data-interaction-id=\"6bc1287\"  >\n\t\t\t\t\t\t\t\t\u2022 Coordinaci\u00f3n patrimonial <br>\u2022 Toma de decisiones estructurada <br>\u2022 Alineaci\u00f3n familiar <br>\u2022 Control estrat\u00e9gico\n\t\t\t\t\t<\/p>\n\t\t\t\t<\/div>\n\t\t<div class=\"elementor-element elementor-element-3f9e613 e-con-full e-flex e-con e-child\" data-id=\"3f9e613\" data-element_type=\"container\" data-e-type=\"container\">\n\t\t\t\t<div class=\"elementor-element elementor-element-31b52fb elementor-widget elementor-widget-heading\" data-id=\"31b52fb\" data-element_type=\"widget\" data-e-type=\"widget\" data-widget_type=\"heading.default\">\n\t\t\t\t\t<h3 class=\"elementor-heading-title elementor-size-default\">Operaci\u00f3n<\/h3>\t\t\t\t<\/div>\n\t\t\t\t\t\t\t\t<p class=\"e-paragraph-base\" data-interaction-id=\"de4541e\"  >\n\t\t\t\t\t\t\t\t\u2022 Ejecuci\u00f3n de inversiones <br>\u2022 Supervisi\u00f3n de activos <br>\u2022 Gesti\u00f3n financiera <br>\u2022 Seguimiento de resultados\n\t\t\t\t\t<\/p>\n\t\t\t\t<\/div>\n\t\t<div class=\"elementor-element elementor-element-9df998a e-con-full e-flex e-con e-child\" data-id=\"9df998a\" data-element_type=\"container\" data-e-type=\"container\">\n\t\t\t\t<div class=\"elementor-element elementor-element-5164b63 elementor-widget elementor-widget-heading\" data-id=\"5164b63\" data-element_type=\"widget\" data-e-type=\"widget\" data-widget_type=\"heading.default\">\n\t\t\t\t\t<h3 class=\"elementor-heading-title elementor-size-default\">Control<\/h3>\t\t\t\t<\/div>\n\t\t\t\t\t\t\t\t<p class=\"e-paragraph-base\" data-interaction-id=\"ea46ca9\"  >\n\t\t\t\t\t\t\t\t\u2022 Reporte patrimonial <br>\u2022 Cumplimiento normativo <br>\u2022 Trazabilidad de decisiones <br>\u2022 Disciplina operativa\n\t\t\t\t\t<\/p>\n\t\t\t\t<\/div>\n\t\t\t\t<\/div>\n\t\t\t\t\t<\/div>\n\t\t\t\t<\/div>\n\t\t<div class=\"elementor-element elementor-element-5d0f284 e-flex e-con-boxed e-con e-parent\" data-id=\"5d0f284\" data-element_type=\"container\" data-e-type=\"container\">\n\t\t\t\t\t<div class=\"e-con-inner\">\n\t\t\t\t\t\t\t\t<p class=\"e-d1722c6-6ca8db4 e-paragraph-base\" data-interaction-id=\"d1722c6\"  >\n\t\t\t\t\t\t\t\tEl Family Office no es un intermediario.<br><br>Es el punto donde el sistema se vuelve realidad operativa.<br><br>Desde aqu\u00ed se prueba, se ajusta y se consolida todo lo que despu\u00e9s puede escalarse.\n\t\t\t\t\t<\/p>\n\t\t\t\t\t<\/div>\n\t\t\t\t<\/div>\n\t\t<div class=\"elementor-element elementor-element-6c77840 e-flex e-con-boxed e-con e-parent\" data-id=\"6c77840\" data-element_type=\"container\" data-e-type=\"container\">\n\t\t\t\t\t<div class=\"e-con-inner\">\n\t\t\t\t<div class=\"elementor-element elementor-element-9ceeac3 elementor-widget__width-initial elementor-widget elementor-widget-text-editor\" data-id=\"9ceeac3\" data-element_type=\"widget\" data-e-type=\"widget\" data-widget_type=\"text-editor.default\">\n\t\t\t\t\t\t\t\t\t<blockquote><p>El Family Office es la capa de ejecuci\u00f3n del NDP\/OS.<\/p><p>Mientras el sistema define la arquitectura, el Family Office asegura su implementaci\u00f3n, disciplina y continuidad.<\/p><\/blockquote>\t\t\t\t\t\t\t\t<\/div>\n\t\t\t\t\t<\/div>\n\t\t\t\t<\/div>\n\t\t<div class=\"elementor-element elementor-element-b192225 e-flex e-con-boxed e-con e-parent\" data-id=\"b192225\" data-element_type=\"container\" data-e-type=\"container\" data-settings=\"{&quot;background_background&quot;:&quot;classic&quot;}\">\n\t\t\t\t\t<div class=\"e-con-inner\">\n\t\t\t\t<div class=\"elementor-element elementor-element-f5423ca elementor-widget elementor-widget-heading\" data-id=\"f5423ca\" data-element_type=\"widget\" data-e-type=\"widget\" data-widget_type=\"heading.default\">\n\t\t\t\t\t<h2 class=\"elementor-heading-title elementor-size-default\">Acceso al ecosistema<\/h2>\t\t\t\t<\/div>\n\t\t\t\t<div class=\"elementor-element elementor-element-cb2806c elementor-widget elementor-widget-heading\" data-id=\"cb2806c\" data-element_type=\"widget\" data-e-type=\"widget\" data-widget_type=\"heading.default\">\n\t\t\t\t\t<h2 class=\"elementor-heading-title elementor-size-default\">No todos necesitan esto. Pero algunos no pueden ignorarlo.<\/h2>\t\t\t\t<\/div>\n\t\t<div class=\"elementor-element elementor-element-08ce8a6 e-flex e-con-boxed e-con e-child\" data-id=\"08ce8a6\" data-element_type=\"container\" data-e-type=\"container\">\n\t\t\t\t\t<div class=\"e-con-inner\">\n\t\t\t\t<div class=\"elementor-element elementor-element-9157699 elementor-widget elementor-widget-text-editor\" data-id=\"9157699\" data-element_type=\"widget\" data-e-type=\"widget\" data-widget_type=\"text-editor.default\">\n\t\t\t\t\t\t\t\t\t<p style=\"text-align: center;\">El acceso a Prominent se realiza mediante un proceso estructurado de entendimiento, validaci\u00f3n y alineaci\u00f3n.<\/p><p>Si este modelo resuena contigo, el siguiente paso no es inmediato, pero s\u00ed claro.<\/p>\t\t\t\t\t\t\t\t<\/div>\n\t\t\t\t\t<\/div>\n\t\t\t\t<\/div>\n\t\t\t\t<div class=\"elementor-element elementor-element-b4f6e3e elementor-widget-mobile__width-initial elementor-widget elementor-widget-button\" data-id=\"b4f6e3e\" data-element_type=\"widget\" data-e-type=\"widget\" data-widget_type=\"button.default\">\n\t\t\t\t\t\t\t\t\t\t<a class=\"elementor-button elementor-button-link elementor-size-sm\" href=\"https:\/\/prominentroots.com\/index.php\/contacto\/\">\n\t\t\t\t\t\t<span class=\"elementor-button-content-wrapper\">\n\t\t\t\t\t\t\t\t\t<span class=\"elementor-button-text\">Solicitar acceso<\/span>\n\t\t\t\t\t<\/span>\n\t\t\t\t\t<\/a>\n\t\t\t\t\t\t\t\t<\/div>\n\t\t\t\t<div class=\"elementor-element elementor-element-cb53c26 elementor-widget elementor-widget-text-editor\" data-id=\"cb53c26\" data-element_type=\"widget\" data-e-type=\"widget\" data-widget_type=\"text-editor.default\">\n\t\t\t\t\t\t\t\t\t<p style=\"text-align: center;\">El proceso inicia con una conversaci\u00f3n.<\/p>\t\t\t\t\t\t\t\t<\/div>\n\t\t\t\t\t<\/div>\n\t\t\t\t<\/div>\n\t\t\t\t<\/div>\n\t\t","protected":false},"excerpt":{"rendered":"<p>El punto de origen y ejecuci\u00f3n del sistema Prominent Family Office es el entorno donde la arquitectura patrimonial se estructura, se prueba y se ejecuta antes de ser extrapolada a terceros. Aqu\u00ed se integran visi\u00f3n, disciplina operativa y gobierno patrimonial para asegurar que cada decisi\u00f3n responda a una l\u00f3gica institucional. No es un despacho.Es un&hellip;&nbsp;<\/p>\n","protected":false},"author":1,"featured_media":0,"parent":0,"menu_order":0,"comment_status":"closed","ping_status":"closed","template":"page-templates\/template-pagebuilder-full-width.php","meta":{"neve_meta_sidebar":"","neve_meta_container":"","neve_meta_enable_content_width":"off","neve_meta_content_width":100,"neve_meta_title_alignment":"","neve_meta_author_avatar":"","neve_post_elements_order":"","neve_meta_disable_header":"","neve_meta_disable_footer":"","neve_meta_disable_title":"","footnotes":""},"class_list":["post-539","page","type-page","status-publish","hentry"],"_links":{"self":[{"href":"https:\/\/prominentroots.com\/index.php\/wp-json\/wp\/v2\/pages\/539","targetHints":{"allow":["GET"]}}],"collection":[{"href":"https:\/\/prominentroots.com\/index.php\/wp-json\/wp\/v2\/pages"}],"about":[{"href":"https:\/\/prominentroots.com\/index.php\/wp-json\/wp\/v2\/types\/page"}],"author":[{"embeddable":true,"href":"https:\/\/prominentroots.com\/index.php\/wp-json\/wp\/v2\/users\/1"}],"replies":[{"embeddable":true,"href":"https:\/\/prominentroots.com\/index.php\/wp-json\/wp\/v2\/comments?post=539"}],"version-history":[{"count":29,"href":"https:\/\/prominentroots.com\/index.php\/wp-json\/wp\/v2\/pages\/539\/revisions"}],"predecessor-version":[{"id":1760,"href":"https:\/\/prominentroots.com\/index.php\/wp-json\/wp\/v2\/pages\/539\/revisions\/1760"}],"wp:attachment":[{"href":"https:\/\/prominentroots.com\/index.php\/wp-json\/wp\/v2\/media?parent=539"}],"curies":[{"name":"wp","href":"https:\/\/api.w.org\/{rel}","templated":true}]}}